{"id":3735,"date":"2017-12-13T13:29:39","date_gmt":"2017-12-13T12:29:39","guid":{"rendered":"https:\/\/www.ursheld.ch\/ursheld\/?post_type=tribe_events&#038;p=3735"},"modified":"2017-12-20T17:25:17","modified_gmt":"2017-12-20T16:25:17","slug":"gesundheitswoche-mit-coaching-wellness-im-vorderen-appenzellerland","status":"publish","type":"tribe_events","link":"https:\/\/www.ursheld.ch\/ursheld\/event\/gesundheitswoche-mit-coaching-wellness-im-vorderen-appenzellerland\/","title":{"rendered":"Gesundheitswoche mit Coaching &#038; Wellness im vorderen Appenzellerland"},"content":{"rendered":"<p><strong>Das Wunder\u00a0der Selbstheilung: Erfahren Sie, wie Sie die Heilkraft Ihres K\u00f6rpers aktivieren k\u00f6nnen<\/strong><\/p>\n<h1><strong>Gesundheit und Lebensfreude mit einer individuellen Basen- &amp; Vitalit\u00e4tskur<\/strong><\/h1>\n<p><strong>Mit Achtsamkeit\u00a0und nat\u00fcrlicher\u00a0Zeltintelligenz kerngesund werden<\/strong><\/p>\n<p>&nbsp;<\/p>\n<h2><strong>Basispaket <\/strong><\/h2>\n<p><strong>Mit der Wandlungskraft Ihrer\u00a0Zellen zu mehr Gesundheit und vitaler Lebensfreude<\/strong><\/p>\n<ul>\n<li><strong>6 \u00dcbernachtungen in stimmungsvollen DZ oder EZ inkl.\u00a0Basenkur. Wahlweise zum Fasten, Formen oder Kr\u00e4ftigen<\/strong> (Gem\u00fcse, Obst, gesunde M\u00fcsli, N\u00fcsse) mit Kr\u00e4uter- und Detox-Wohlf\u00fchltee\u2019s und energetisiertem Wasser; <strong>Ein Jungbrunnen und Weckruf f\u00fcr Ihre Lebensfreude!<\/strong><\/li>\n<li><strong>3 x 1 Std <\/strong>integrales Coaching: <strong>Ihre pers\u00f6nlichen Wege zu ihrem ganzheitlichen Gesundheitsschl\u00fcssel<\/strong><\/li>\n<li><strong>3 Basenvollb\u00e4der<\/strong> mit nat\u00fcrlichen Aromastoffen zur <strong>Regeneration<\/strong><\/li>\n<li><strong>3 x intensives Schwitzen in gesunder Infrarotkabine mit Tiefenw\u00e4rme<\/strong>, Hot Stone Fusssohlenmassage, Aroma- &amp; Farblichttherapie; <strong>st\u00e4rkt u.a. ihr Immunsystem, l\u00f6st Verspannungen und leitet \u00dcberfl\u00fcssiges aus<\/strong><\/li>\n<li><strong>3<\/strong> gesundheitsf\u00f6rdernde basisches <strong>Elektrolyse-Fussb\u00e4der<\/strong> zum <strong>Entgiften und Ents\u00e4uern<\/strong><\/li>\n<li><strong>t\u00e4glich<\/strong> K\u00f6rper, Geist und Seele st\u00e4rken mit <strong>Meditationen, Achtsamkeitstraining, bewusstes Atmen, Spazierg\u00e4ngen<\/strong> in der Natur und <strong>wohltuenden Massagen auf dem Massagesessel<\/strong><\/li>\n<li><strong>1 Eintritt <\/strong>im neuen<strong> Mineralheilbad St. Margrethen zum Verw\u00f6hnen <\/strong>(mit dem Postauto in 5 Minuten erreichbar)<\/li>\n<li><strong>t\u00e4glich Vortr\u00e4ge<\/strong> mit neuesten Erkenntnissen zu Gesundheitstips, Aktivieren der Selbstheilungskr\u00e4fte, Ern\u00e4hrung, Bewegung, Meditation, Schlaf, Neurobiologie, Epigenetik, Zellbewusstsein und der Salutogenese (was tut mir gut, was h\u00e4lt mich gesund)<\/li>\n<\/ul>\n<p>&nbsp;<\/p>\n<h2><strong>Zus\u00e4tzlich buchbar:<\/strong><\/h2>\n<p><strong>Mit innerer St\u00e4rke und hohem Bewusstsein freier und gl\u00fccklicher Leben<\/strong><\/p>\n<ul>\n<li><strong>Integrales Heilen<\/strong> f\u00fcr K\u00f6rper, Geist und Seele<\/li>\n<li><strong>systemisches Coaching<\/strong> f\u00fcr s\u00e4mtlicheLebensthemen<\/li>\n<li><strong>energetische K\u00f6rperausgleichsmassagen<\/strong> mit Handauflegen<\/li>\n<\/ul>\n<p>&nbsp;<\/p>\n<h2>Organisatorisches \/ Tagesablauf:<\/h2>\n<ul>\n<li>Der Tag beginnt mit einer Stille-Meditation (<strong>Das Leben einatmen!<\/strong>) im Sitzen oder Gehen\u00a0von 7.30 bis ca. 8.15.<\/li>\n<li>Anschliessend kann man sich am <strong>Fr\u00fchst\u00fccksbuffet entsprechend seinem pers\u00f6nlichen Ern\u00e4hrungs- und Kurzie<\/strong>l bedienen.<\/li>\n<li>In der Gruppe treffen wir uns wieder von 9.30-11.30. In dieser Zeit werden wir <strong>in der Natur mit Spazierg\u00e4ngen und Achtsamkeits\u00fcbungen Ruhe und Kraft sch\u00f6pfen. <\/strong>Hier finden Sie<strong> ihren pers\u00f6nlichen Schl\u00fcssel zu Gesundheit und Vitalit\u00e4t<\/strong>. Anschliessend hat jeder eine Stunde f\u00fcr sich.<\/li>\n<li>Das Mittagessen wird 12.30 eingenommen. <strong>Basische, pflanzlich-vollwertige Kost entsprechend ihrem Kurplan.<\/strong><\/li>\n<li><strong>Der Nachmittag<\/strong> ist f\u00fcr das individuelle Gesundheitscoaching und ihre Verw\u00f6hn- und Aktivangebote gem\u00e4ss Basispaket reserviert.<\/li>\n<li>Das Abendessen wird 18.30 Uhr eingenommen.\u00a0<strong>Basische, pflanzlich-vollwertige Kost entsprechend ihrem Kurplan.<\/strong><\/li>\n<li><strong>Der Abend<\/strong> ist f\u00fcr gemeinsames Beisammensein mit Vortr\u00e4gen und Fragerunden reserviert. Freie Zeit f\u00fcr sich jede(r) Teilnehmer(in) nach seinem pers\u00f6nlichen Wohlbefinden gestalten.<\/li>\n<li>In ihrer <strong>pers\u00f6nlichen freien Zeiten laden die kraft- und ruhespendende Umgebung und vielf\u00e4ltigen Sitzpl\u00e4tze\u00a0<\/strong>zum Spazieren oder Verweilen ein.<\/li>\n<li>Urs Held steht nach Absprache\u00a0auch f\u00fcr <strong>erg\u00e4nzende Einzelsitzungen zu allen Lebensthemen<\/strong>\u00a0zur Verf\u00fcgung.<\/li>\n<\/ul>\n<p>&nbsp;<\/p>\n<h2>Unterkunft und Verpflegung:<\/h2>\n<p>Den Veranstaltungsort k\u00f6nnen Sie hier einsehen: \u00a0<a href=\"http:\/\/www.raumfuersich.ch\/raumangebot\/\">&#8222;Platz 440 &#8211; Kraftquellen und Oasen zum Sein&#8220;<\/a> in 9428 Walzenhausen AR<\/p>\n<p>Die Appartements und Zimmer k\u00f6nnen Sie einsehen unter <a href=\"http:\/\/www.raumfuersich.ch\/traeume-und-visionen\/\">raumfuersich221<\/a> und <a href=\"http:\/\/www.raumfuersich.ch\/herzoeffnung-sich-selber-sein\/\">raumfuersich219<\/a>.<\/p>\n<p>Urs Held ist gerne beratend f\u00fcr Sie da und\u00a0nimmt mit Freude Ihre W\u00fcnsche entgegen.<\/p>\n<p>&nbsp;<\/p>\n<h2>Preise inkl. Vollpension:<\/h2>\n<ul>\n<li>Einzelzimmer mit Etagenbad Sfr. 1&#8217;450.-<\/li>\n<li>Doppelzimmer mit Etagenbad \u00a0Sfr. 1&#8217;250.- pro Person<\/li>\n<li>Doppelzimmer Superior\u00a01&#8217;350.- pro Person<\/li>\n<li>Appartement Herz\u00f6ffnung-sich selber sein\u00a01&#8217;450.- pro Person<\/li>\n<\/ul>\n<p>&nbsp;<\/p>\n<p><strong>!\u00a0Anmeldungen und Fragen an Urs Held <\/strong><\/p>\n<p><strong>telefonisch 079 753 53 05 \u00a0 (071 888 04 15)<\/strong><\/p>\n<p><strong>oder mittels <a href=\"https:\/\/www.ursheld.ch\/ursheld\/kontakt-2\/\">Kontaktformular<\/a><\/strong><\/p>\n<p>&nbsp;<\/p>\n<p><strong>! Urs Held uns sein Team freuen sich auf Sie. In Einheit, Verbundenheit und Liebe.<\/strong><\/p>\n","protected":false},"excerpt":{"rendered":"<p>Das Wunder\u00a0der Selbstheilung: Erfahren Sie, wie Sie die Heilkraft Ihres K\u00f6rpers aktivieren k\u00f6nnen Gesundheit und Lebensfreude mit einer individuellen Basen- &amp; Vitalit\u00e4tskur Mit Achtsamkeit\u00a0und nat\u00fcrlicher\u00a0Zeltintelligenz kerngesund werden &nbsp; Basispaket Mit [&hellip;]<\/p>\n","protected":false},"author":2,"featured_media":2897,"template":"","meta":{"_tribe_events_status":"","_tribe_events_status_reason":"","footnotes":""},"tags":[],"tribe_events_cat":[52],"class_list":["post-3735","tribe_events","type-tribe_events","status-publish","has-post-thumbnail","hentry","tribe_events_cat-gesundheitswoche","cat_gesundheitswoche"],"_links":{"self":[{"href":"https:\/\/www.ursheld.ch\/ursheld\/wp-json\/wp\/v2\/tribe_events\/3735","targetHints":{"allow":["GET"]}}],"collection":[{"href":"https:\/\/www.ursheld.ch\/ursheld\/wp-json\/wp\/v2\/tribe_events"}],"about":[{"href":"https:\/\/www.ursheld.ch\/ursheld\/wp-json\/wp\/v2\/types\/tribe_events"}],"author":[{"embeddable":true,"href":"https:\/\/www.ursheld.ch\/ursheld\/wp-json\/wp\/v2\/users\/2"}],"version-history":[{"count":2,"href":"https:\/\/www.ursheld.ch\/ursheld\/wp-json\/wp\/v2\/tribe_events\/3735\/revisions"}],"predecessor-version":[{"id":3737,"href":"https:\/\/www.ursheld.ch\/ursheld\/wp-json\/wp\/v2\/tribe_events\/3735\/revisions\/3737"}],"wp:featuredmedia":[{"embeddable":true,"href":"https:\/\/www.ursheld.ch\/ursheld\/wp-json\/wp\/v2\/media\/2897"}],"wp:attachment":[{"href":"https:\/\/www.ursheld.ch\/ursheld\/wp-json\/wp\/v2\/media?parent=3735"}],"wp:term":[{"taxonomy":"post_tag","embeddable":true,"href":"https:\/\/www.ursheld.ch\/ursheld\/wp-json\/wp\/v2\/tags?post=3735"},{"taxonomy":"tribe_events_cat","embeddable":true,"href":"https:\/\/www.ursheld.ch\/ursheld\/wp-json\/wp\/v2\/tribe_events_cat?post=3735"}],"curies":[{"name":"wp","href":"https:\/\/api.w.org\/{rel}","templated":true}]}}

<p><strong>Das Wunder der Selbstheilung: Erfahren Sie, wie Sie die Heilkraft Ihres Körpers aktivieren können</strong></p>
<h1><strong>Gesundheit und Lebensfreude mit einer individuellen Basen- &amp; Vitalitätskur</strong></h1>
<p><strong>Mit Achtsamkeit und natürlicher Zeltintelligenz kerngesund werden</strong></p>
<p>&nbsp;</p>
<h2><strong>Basispaket </strong></h2>
<p><strong>Mit der Wandlungskraft Ihrer Zellen zu mehr Gesundheit und vitaler Lebensfreude</strong></p>
<ul>
<li><strong>6 Übernachtungen in stimmungsvollen DZ oder EZ inkl. Basenkur. Wahlweise zum Fasten, Formen oder Kräftigen</strong> (Gemüse, Obst, gesunde Müsli, Nüsse) mit Kräuter- und Detox-Wohlfühltee’s und energetisiertem Wasser; <strong>Ein Jungbrunnen und Weckruf für Ihre Lebensfreude!</strong></li>
<li><strong>3 x 1 Std </strong>integrales Coaching: <strong>Ihre persönlichen Wege zu ihrem ganzheitlichen Gesundheitsschlüssel</strong></li>
<li><strong>3 Basenvollbäder</strong> mit natürlichen Aromastoffen zur <strong>Regeneration</strong></li>
<li><strong>3 x intensives Schwitzen in gesunder Infrarotkabine mit Tiefenwärme</strong>, Hot Stone Fusssohlenmassage, Aroma- &amp; Farblichttherapie; <strong>stärkt u.a. ihr Immunsystem, löst Verspannungen und leitet Überflüssiges aus</strong></li>
<li><strong>3</strong> gesundheitsfördernde basisches <strong>Elektrolyse-Fussbäder</strong> zum <strong>Entgiften und Entsäuern</strong></li>
<li><strong>täglich</strong> Körper, Geist und Seele stärken mit <strong>Meditationen, Achtsamkeitstraining, bewusstes Atmen, Spaziergängen</strong> in der Natur und <strong>wohltuenden Massagen auf dem Massagesessel</strong></li>
<li><strong>1 Eintritt </strong>im neuen<strong> Mineralheilbad St. Margrethen zum Verwöhnen </strong>(mit dem Postauto in 5 Minuten erreichbar)</li>
<li><strong>täglich Vorträge</strong> mit neuesten Erkenntnissen zu Gesundheitstips, Aktivieren der Selbstheilungskräfte, Ernährung, Bewegung, Meditation, Schlaf, Neurobiologie, Epigenetik, Zellbewusstsein und der Salutogenese (was tut mir gut, was hält mich gesund)</li>
</ul>
<p>&nbsp;</p>
<h2><strong>Zusätzlich buchbar:</strong></h2>
<p><strong>Mit innerer Stärke und hohem Bewusstsein freier und glücklicher Leben</strong></p>
<ul>
<li><strong>Integrales Heilen</strong> für Körper, Geist und Seele</li>
<li><strong>systemisches Coaching</strong> für sämtlicheLebensthemen</li>
<li><strong>energetische Körperausgleichsmassagen</strong> mit Handauflegen</li>
</ul>
<p>&nbsp;</p>
<h2>Organisatorisches / Tagesablauf:</h2>
<ul>
<li>Der Tag beginnt mit einer Stille-Meditation (<strong>Das Leben einatmen!</strong>) im Sitzen oder Gehen von 7.30 bis ca. 8.15.</li>
<li>Anschliessend kann man sich am <strong>Frühstücksbuffet entsprechend seinem persönlichen Ernährungs- und Kurzie</strong>l bedienen.</li>
<li>In der Gruppe treffen wir uns wieder von 9.30-11.30. In dieser Zeit werden wir <strong>in der Natur mit Spaziergängen und Achtsamkeitsübungen Ruhe und Kraft schöpfen. </strong>Hier finden Sie<strong> ihren persönlichen Schlüssel zu Gesundheit und Vitalität</strong>. Anschliessend hat jeder eine Stunde für sich.</li>
<li>Das Mittagessen wird 12.30 eingenommen. <strong>Basische, pflanzlich-vollwertige Kost entsprechend ihrem Kurplan.</strong></li>
<li><strong>Der Nachmittag</strong> ist für das individuelle Gesundheitscoaching und ihre Verwöhn- und Aktivangebote gemäss Basispaket reserviert.</li>
<li>Das Abendessen wird 18.30 Uhr eingenommen. <strong>Basische, pflanzlich-vollwertige Kost entsprechend ihrem Kurplan.</strong></li>
<li><strong>Der Abend</strong> ist für gemeinsames Beisammensein mit Vorträgen und Fragerunden reserviert. Freie Zeit für sich jede(r) Teilnehmer(in) nach seinem persönlichen Wohlbefinden gestalten.</li>
<li>In ihrer <strong>persönlichen freien Zeiten laden die kraft- und ruhespendende Umgebung und vielfältigen Sitzplätze </strong>zum Spazieren oder Verweilen ein.</li>
<li>Urs Held steht nach Absprache auch für <strong>ergänzende Einzelsitzungen zu allen Lebensthemen</strong> zur Verfügung.</li>
</ul>
<p>&nbsp;</p>
<h2>Unterkunft und Verpflegung:</h2>
<p>Den Veranstaltungsort können Sie hier einsehen:  <a href="http://www.raumfuersich.ch/raumangebot/">&#8222;Platz 440 &#8211; Kraftquellen und Oasen zum Sein&#8220;</a> in 9428 Walzenhausen AR</p>
<p>Die Appartements und Zimmer können Sie einsehen unter <a href="http://www.raumfuersich.ch/traeume-und-visionen/">raumfuersich221</a> und <a href="http://www.raumfuersich.ch/herzoeffnung-sich-selber-sein/">raumfuersich219</a>.</p>
<p>Urs Held ist gerne beratend für Sie da und nimmt mit Freude Ihre Wünsche entgegen.</p>
<p>&nbsp;</p>
<h2>Preise inkl. Vollpension:</h2>
<ul>
<li>Einzelzimmer mit Etagenbad Sfr. 1&#8217;450.-</li>
<li>Doppelzimmer mit Etagenbad  Sfr. 1&#8217;250.- pro Person</li>
<li>Doppelzimmer Superior 1&#8217;350.- pro Person</li>
<li>Appartement Herzöffnung-sich selber sein 1&#8217;450.- pro Person</li>
</ul>
<p>&nbsp;</p>
<p><strong>! Anmeldungen und Fragen an Urs Held </strong></p>
<p><strong>telefonisch 079 753 53 05   (071 888 04 15)</strong></p>
<p><strong>oder mittels <a href="https://www.ursheld.ch/ursheld/kontakt-2/">Kontaktformular</a></strong></p>
<p>&nbsp;</p>
<p><strong>! Urs Held uns sein Team freuen sich auf Sie. In Einheit, Verbundenheit und Liebe.</strong></p>

<p>Das Wunder der Selbstheilung: Erfahren Sie, wie Sie die Heilkraft Ihres Körpers aktivieren können Gesundheit und Lebensfreude mit einer individuellen Basen- &amp; Vitalitätskur Mit Achtsamkeit und natürlicher Zeltintelligenz kerngesund werden &nbsp; Basispaket Mit [&hellip;]</p>
