{"id":4749,"date":"2018-06-26T18:02:53","date_gmt":"2018-06-26T16:02:53","guid":{"rendered":"https:\/\/www.ursheld.ch\/ursheld\/?post_type=tribe_events&#038;p=4749"},"modified":"2018-06-27T06:22:21","modified_gmt":"2018-06-27T04:22:21","slug":"wochenend-satsang-liebe-weisheit-freude","status":"publish","type":"tribe_events","link":"https:\/\/www.ursheld.ch\/ursheld\/event\/wochenend-satsang-liebe-weisheit-freude\/","title":{"rendered":"Sat-Sang . platz440 . Walzenhausen AR"},"content":{"rendered":"<h3>Wochenende in Stille . Liebe . Weisheit . Freude<\/h3>\n<ul>\n<li><strong>&#8222;Befreie dich, befreie dich vollkommen, bis die Frage nach der Befreiung in dir schwindet. <\/strong>\n<ul>\n<li>Fliesse, fliesse mit dem Leben. In diesem Fluss werden das &#8222;Du&#8220; und &#8222;Ich&#8220; sich aufl\u00f6sen.<\/li>\n<li>Der Vergleich deiner inneren und der \u00e4usseren Welt wird sich aufl\u00f6sen.\u00a0Ohne es zu wissen <strong>wirst du erkennen, dass du bereits angekommen bist&#8220;.<\/strong> \u00a0(Sri Vast)<\/li>\n<\/ul>\n<\/li>\n<li><strong>&#8222;Dann erkennst &#8222;Du&#8220;, wer du wirklich bist.\u00a0<\/strong>\n<ul>\n<li>Dann kannst &#8222;Du&#8220; wirklich leben und <strong>tun, was &#8222;Du&#8220; wirklich tun willst.<\/strong><\/li>\n<li>Dann kannst &#8222;Du&#8220; wirklich leben und<strong> erschaffen was immer &#8222;Du&#8220; aus reinem Herzen erschaffen willst&#8220;.<\/strong><\/li>\n<\/ul>\n<\/li>\n<\/ul>\n<h4>&#8222;Es geht darum, Spiritualit\u00e4t\/Wahrheit nicht von der Form und die Form \u00a0nicht von der Wahrheit\/Spiritualit\u00e4t zu trennen. Im tief erfahrenen Wissen, dass &#8222;es&#8220; letztlich das weder-noch ist&#8220;.<\/h4>\n<p>&nbsp;<\/p>\n<h4><strong>Diese befreiende Wochenende ist f\u00fcr alle Menschen geeignet, die den Wunsch nach<\/strong><\/h4>\n<ul>\n<li><strong>vollkommener Befreiung &#8211; spirituellem Aufwachen<\/strong>\n<ul>\n<li>sich selber als Liebe-F\u00fclle &amp; Weisheit-Leere erfahren<\/li>\n<\/ul>\n<\/li>\n<li><strong>integraler Heilung &#8211; Selbstheilung<\/strong>\n<ul>\n<li>nat\u00fcrliche Gesundheit &amp; Wohlbefinden<\/li>\n<\/ul>\n<\/li>\n<li><strong> innerem Pers\u00f6nlichkeitswandel<\/strong>\n<ul>\n<li>&#8222;Lebensunternehmerin&#8220; werden &#8211; sein<\/li>\n<\/ul>\n<\/li>\n<li><strong>wirken aus dem reinen Bewusstsein <\/strong>\n<ul>\n<li>verwirklichen des reinen Potenzial &#8211; Beruf als Berufung<\/li>\n<\/ul>\n<\/li>\n<li><strong>Verwirklichung von Lebenstr\u00e4ume und Visionen<\/strong>\n<ul>\n<li>ein Leben in Einklang mit sich und seiner Umgebung leben<\/li>\n<\/ul>\n<\/li>\n<\/ul>\n<p><strong>haben.\u00a0<\/strong><\/p>\n<h4><strong>Special:<\/strong><\/h4>\n<ul>\n<li><strong>Man kann an diesem kl\u00e4renden Intensivwochenende auch einzelne Treffen besuchen. <\/strong>\n<ul>\n<li>Freitag\u00a0Abendpauschale: \u00a0 \u00a0 Sfr. 55.-<\/li>\n<li>Halbtagspauschale: \u00a0 \u00a0 \u00a0 \u00a0 \u00a0 \u00a0 \u00a0Sfr. 120.-<\/li>\n<li>Tagespauschale \u00a0 \u00a0 \u00a0 \u00a0 \u00a0 \u00a0 \u00a0 \u00a0 \u00a0 \u00a0 Sfr. 210.-<\/li>\n<\/ul>\n<\/li>\n<li><strong>Sie brauchen keinerlei Vorkenntnisse f\u00fcr dieses erkenntnisreiche Intensivwochenende. <\/strong>\n<ul>\n<li>Sie werden da abgeholt und begleitet wo sie sich zurzeit auf ihrer\u00a0Lebensreise befinden.<\/li>\n<\/ul>\n<\/li>\n<li><strong>Erg\u00e4nzend zu den Gruppeneinheiten bietet\u00a0<\/strong><strong>Anna Grzimek <a href=\"https:\/\/www.annagrzimek.com\">(www.annagrzimek.com)<\/a>\u00a0 <\/strong>\n<ul>\n<li><strong>Einzelstunden mit der Quelle, <\/strong>einem Zusammenschluss h\u00f6herschwingender Wesenheiten, die uns Menschen in diesen Zeiten des Wandels unterst\u00fctzen, an.<\/li>\n<li><strong>Pers\u00f6nliche Fragen <\/strong>oder ein ahnendes \u201eDa ist noch etwas, aber ich kann es nicht formulieren\u201c k\u00f6nnen angeschaut und beleuchtet werden.<\/li>\n<li>Die Quelle bietet dabei einen neutralen, wertfreien Raum,<strong> in dem Eigenwahrnehmung und ehrliches Hinschauen <\/strong>zu sich selbst erleichtert werden.<\/li>\n<li><strong>Lebenspraktische Hinweise und konkrete Impulse <\/strong>unterst\u00fctzen die Umsetzung des Erkannten im Alltag.<\/li>\n<li>Eine <strong>Sitzung bei Anna <\/strong>(20 Minuten)<strong> ist f\u00fcr Teilnehmer des ganzen Wochenendes im Preis inbegriffen<\/strong>. Dar\u00fcber hinausgehende Beratungen werden mit Sfr. 90.- pro Stunde ausgeglichen.<\/li>\n<\/ul>\n<\/li>\n<li><strong>Detaillierte Informationen \u00fcber die vielf\u00e4ltigen M\u00f6glichkeiten <\/strong>dieser heilenden Woche k\u00f6nnen Sie weiter unten nachlesen<\/li>\n<\/ul>\n<p>&nbsp;<\/p>\n<h3><strong>Organisatorisches \/ Seminarablauf:<\/strong><\/h3>\n<p><strong>&#8222;Die Stille ist die Quelle jeder grossen Kraft.&#8220; (F. M. Dostojewski)<\/strong><\/p>\n<p><strong>Wir treffen uns drei mal pro Tag:<\/strong><\/p>\n<ul>\n<li>Der Satsang beginnt am <strong>Freitag 19 Uhr<\/strong> und dauert bis ca. 20.45 Uhr<\/li>\n<li>Der Tag beginnt mit einer Stille-Meditation (im Sitzen oder Gehen) im Sinne der Kontemplation oder der Selbsterforschung\u00a0<strong>von 7.45 \u00a0bis ca. 8.45<\/strong>. Anschliessend ist gen\u00fcgend Zeit f\u00fcr ein leichtes, gesundes Fr\u00fchst\u00fcck.<\/li>\n<li>Wir treffen uns wieder <strong>von 10.00- ca. 12.30.\u00a0<\/strong>Die Mittagspause \u00a0dauert bis 15 Uhr.<\/li>\n<li><strong>Von 15.00 &#8211; 18.00<\/strong> Uhr kommen wir wieder zusammen.<\/li>\n<li>Der Abend ist frei\u00a0(Kochen und Verpflegung individuell und selber zu gestalten).<\/li>\n<li><strong>In der Mittagspause\u00a0und Abends <\/strong>k\u00f6nnen Sie f\u00fcr sich sein, mit anderen Teilnehmern vertiefende \u00dcbungen machen oder bei Anna vorbeischauen<\/li>\n<li><strong>Die kraft- und ruhespendende Umgebung l\u00e4dt zum tieferen Sein, Spazieren oder gem\u00fctlichen Verweilen ein.<\/strong><\/li>\n<\/ul>\n<p>&nbsp;<\/p>\n<h3><strong>Unterkunft und Verpflegung:<\/strong><\/h3>\n<ul>\n<li><strong>Vegetarische Pausenverpflegung, Kaffee und Tee <\/strong>ist im Satsangpreis<strong> inbegriffen. <\/strong><\/li>\n<li><strong>Die Unterkunft und die\u00a0Mahlzeiten <\/strong>sind\u00a0im\u00a0Satsangpreis\u00a0<strong>nicht inbegriffen.\u00a0<\/strong>\n<ul>\n<li>Das <strong>Fr\u00fchst\u00fcck <\/strong>kann gemeinsam eingenommen werden (jeder tr\u00e4gt nach Absprache seinen Teil dazu bei).\u00a0<strong>\u00a0<\/strong><\/li>\n<li><strong>Das Kochen und die Verpflegung ist individuell und selber zu gestalten. Kochgelegenheiten sind vorhanden<\/strong>.<\/li>\n<\/ul>\n<\/li>\n<li>Empfohlen wird eine Unterkunft <strong>im Haus zur Stille\u00a0<\/strong>(Platz 219)<strong> oder im Haus zur Mitte<\/strong>\u00a0(Platz 221) oder in B&amp;B&#8217;s in der N\u00e4he der Veranstaltung<\/li>\n<li><strong>Die Appartements und\u00a0Zimmer am Kraftort &#8222;platz440&#8220;\u00a0<\/strong>k\u00f6nnen Sie einsehen\n<ul>\n<li>unter\u00a0<strong><a href=\"http:\/\/www.raumfuersich.ch\/traeume-und-visionen\/\">raumfuersich221<\/a><\/strong>\u00a0 (&#8222;Tr\u00e4ume und Visionen&#8220;)<\/li>\n<li>und\u00a0<strong><a href=\"http:\/\/www.raumfuersich.ch\/herzoeffnung-sich-selber-sein\/\">raumfuersich219<\/a><\/strong>\u00a0( hier ist das Appartement &#8222;Urvertrauen-Ankommen ev. buchbar)<\/li>\n<li>Die Zimmer in der Dachwohnung k\u00f6nnen f\u00fcr die Veranstaltung leicht umgestaltet und<strong> auf Wunsch teilweise als kosteng\u00fcnstige Mehrbettzimmer angeboten werden. <\/strong><\/li>\n<li>Am letzten Tag der Veranstaltung sind vor dem ersten Zusammenkommen die Bettw\u00e4sche, die Handt\u00fccher und der Abfall zur Sammelstelle im Erdgeschoss zu bringen. Die Zimmer sind nach dem Fr\u00fchst\u00fcck ger\u00e4umt und besenrein zu hinterlassen.<\/li>\n<li>Bereits an dieser Stelle besten Dank f\u00fcr Ihre Mithilfe!<\/li>\n<\/ul>\n<\/li>\n<\/ul>\n<p><strong>Alle Teilnehmer erhalten <\/strong>auf den normalerweise g\u00fcltigen<strong> \u00dcbernachtungspreisen ca. 20 %<\/strong> <strong>Rabatt. <\/strong>Je nach Zimmerkategorien. So werden dann \u00dcbernachtungspreise ab ca. Sfr. 35.- ff. im Mehrbettzimmer m\u00f6glich. Einzelzimmer sind\u00a0nur beschr\u00e4nkt vorhanden. <strong>Eine definitive Einteilung der Zimmer erfolgt nach Absprache.<\/strong> Urs Held ist gerne beratend f\u00fcr Sie da. Auch f\u00fcr eine Unterkunft ausserhalb der Kraftquelle &#8222;platz440&#8220;.<\/p>\n<p>&nbsp;<\/p>\n<h4><strong>&#8222;Willst Du den Wandel, dann lebe den Wandel&#8220; \u00a0Mahatma Gandhi<\/strong><\/h4>\n<p><strong>! Anmeldung und Fragen an Urs Held \/ urs@ursheld.ch \/ 079 753 53 05 oder unter <a href=\"https:\/\/www.ursheld.ch\/ursheld\/kontakt-2\/\">&#8222;Kontakt&#8220;<\/a><\/strong><\/p>\n<h4><strong>! Urs Held freut sich auf Sie. <\/strong>In Einheit, Verbundenheit und Liebe; aus Freude und Weisheit die vom Herzen kommt.<\/h4>\n<hr \/>\n<h3><\/h3>\n","protected":false},"excerpt":{"rendered":"<p>Wochenende in Stille . Liebe . Weisheit . Freude &#8222;Befreie dich, befreie dich vollkommen, bis die Frage nach der Befreiung in dir schwindet. Fliesse, fliesse mit dem Leben. In diesem [&hellip;]<\/p>\n","protected":false},"author":2,"featured_media":4142,"template":"","meta":{"_tribe_events_status":"","_tribe_events_status_reason":"","footnotes":""},"tags":[],"tribe_events_cat":[51],"class_list":["post-4749","tribe_events","type-tribe_events","status-publish","has-post-thumbnail","hentry","tribe_events_cat-sat-sang","cat_sat-sang"],"_links":{"self":[{"href":"https:\/\/www.ursheld.ch\/ursheld\/wp-json\/wp\/v2\/tribe_events\/4749","targetHints":{"allow":["GET"]}}],"collection":[{"href":"https:\/\/www.ursheld.ch\/ursheld\/wp-json\/wp\/v2\/tribe_events"}],"about":[{"href":"https:\/\/www.ursheld.ch\/ursheld\/wp-json\/wp\/v2\/types\/tribe_events"}],"author":[{"embeddable":true,"href":"https:\/\/www.ursheld.ch\/ursheld\/wp-json\/wp\/v2\/users\/2"}],"version-history":[{"count":6,"href":"https:\/\/www.ursheld.ch\/ursheld\/wp-json\/wp\/v2\/tribe_events\/4749\/revisions"}],"predecessor-version":[{"id":4779,"href":"https:\/\/www.ursheld.ch\/ursheld\/wp-json\/wp\/v2\/tribe_events\/4749\/revisions\/4779"}],"wp:featuredmedia":[{"embeddable":true,"href":"https:\/\/www.ursheld.ch\/ursheld\/wp-json\/wp\/v2\/media\/4142"}],"wp:attachment":[{"href":"https:\/\/www.ursheld.ch\/ursheld\/wp-json\/wp\/v2\/media?parent=4749"}],"wp:term":[{"taxonomy":"post_tag","embeddable":true,"href":"https:\/\/www.ursheld.ch\/ursheld\/wp-json\/wp\/v2\/tags?post=4749"},{"taxonomy":"tribe_events_cat","embeddable":true,"href":"https:\/\/www.ursheld.ch\/ursheld\/wp-json\/wp\/v2\/tribe_events_cat?post=4749"}],"curies":[{"name":"wp","href":"https:\/\/api.w.org\/{rel}","templated":true}]}}

<h3>Wochenende in Stille . Liebe . Weisheit . Freude</h3>
<ul>
<li><strong>&#8222;Befreie dich, befreie dich vollkommen, bis die Frage nach der Befreiung in dir schwindet. </strong>
<ul>
<li>Fliesse, fliesse mit dem Leben. In diesem Fluss werden das &#8222;Du&#8220; und &#8222;Ich&#8220; sich auflösen.</li>
<li>Der Vergleich deiner inneren und der äusseren Welt wird sich auflösen. Ohne es zu wissen <strong>wirst du erkennen, dass du bereits angekommen bist&#8220;.</strong>  (Sri Vast)</li>
</ul>
</li>
<li><strong>&#8222;Dann erkennst &#8222;Du&#8220;, wer du wirklich bist. </strong>
<ul>
<li>Dann kannst &#8222;Du&#8220; wirklich leben und <strong>tun, was &#8222;Du&#8220; wirklich tun willst.</strong></li>
<li>Dann kannst &#8222;Du&#8220; wirklich leben und<strong> erschaffen was immer &#8222;Du&#8220; aus reinem Herzen erschaffen willst&#8220;.</strong></li>
</ul>
</li>
</ul>
<h4>&#8222;Es geht darum, Spiritualität/Wahrheit nicht von der Form und die Form  nicht von der Wahrheit/Spiritualität zu trennen. Im tief erfahrenen Wissen, dass &#8222;es&#8220; letztlich das weder-noch ist&#8220;.</h4>
<p>&nbsp;</p>
<h4><strong>Diese befreiende Wochenende ist für alle Menschen geeignet, die den Wunsch nach</strong></h4>
<ul>
<li><strong>vollkommener Befreiung &#8211; spirituellem Aufwachen</strong>
<ul>
<li>sich selber als Liebe-Fülle &amp; Weisheit-Leere erfahren</li>
</ul>
</li>
<li><strong>integraler Heilung &#8211; Selbstheilung</strong>
<ul>
<li>natürliche Gesundheit &amp; Wohlbefinden</li>
</ul>
</li>
<li><strong> innerem Persönlichkeitswandel</strong>
<ul>
<li>&#8222;Lebensunternehmerin&#8220; werden &#8211; sein</li>
</ul>
</li>
<li><strong>wirken aus dem reinen Bewusstsein </strong>
<ul>
<li>verwirklichen des reinen Potenzial &#8211; Beruf als Berufung</li>
</ul>
</li>
<li><strong>Verwirklichung von Lebensträume und Visionen</strong>
<ul>
<li>ein Leben in Einklang mit sich und seiner Umgebung leben</li>
</ul>
</li>
</ul>
<p><strong>haben. </strong></p>
<h4><strong>Special:</strong></h4>
<ul>
<li><strong>Man kann an diesem klärenden Intensivwochenende auch einzelne Treffen besuchen. </strong>
<ul>
<li>Freitag Abendpauschale:     Sfr. 55.-</li>
<li>Halbtagspauschale:              Sfr. 120.-</li>
<li>Tagespauschale                     Sfr. 210.-</li>
</ul>
</li>
<li><strong>Sie brauchen keinerlei Vorkenntnisse für dieses erkenntnisreiche Intensivwochenende. </strong>
<ul>
<li>Sie werden da abgeholt und begleitet wo sie sich zurzeit auf ihrer Lebensreise befinden.</li>
</ul>
</li>
<li><strong>Ergänzend zu den Gruppeneinheiten bietet </strong><strong>Anna Grzimek <a href="https://www.annagrzimek.com">(www.annagrzimek.com)</a>  </strong>
<ul>
<li><strong>Einzelstunden mit der Quelle, </strong>einem Zusammenschluss höherschwingender Wesenheiten, die uns Menschen in diesen Zeiten des Wandels unterstützen, an.</li>
<li><strong>Persönliche Fragen </strong>oder ein ahnendes „Da ist noch etwas, aber ich kann es nicht formulieren“ können angeschaut und beleuchtet werden.</li>
<li>Die Quelle bietet dabei einen neutralen, wertfreien Raum,<strong> in dem Eigenwahrnehmung und ehrliches Hinschauen </strong>zu sich selbst erleichtert werden.</li>
<li><strong>Lebenspraktische Hinweise und konkrete Impulse </strong>unterstützen die Umsetzung des Erkannten im Alltag.</li>
<li>Eine <strong>Sitzung bei Anna </strong>(20 Minuten)<strong> ist für Teilnehmer des ganzen Wochenendes im Preis inbegriffen</strong>. Darüber hinausgehende Beratungen werden mit Sfr. 90.- pro Stunde ausgeglichen.</li>
</ul>
</li>
<li><strong>Detaillierte Informationen über die vielfältigen Möglichkeiten </strong>dieser heilenden Woche können Sie weiter unten nachlesen</li>
</ul>
<p>&nbsp;</p>
<h3><strong>Organisatorisches / Seminarablauf:</strong></h3>
<p><strong>&#8222;Die Stille ist die Quelle jeder grossen Kraft.&#8220; (F. M. Dostojewski)</strong></p>
<p><strong>Wir treffen uns drei mal pro Tag:</strong></p>
<ul>
<li>Der Satsang beginnt am <strong>Freitag 19 Uhr</strong> und dauert bis ca. 20.45 Uhr</li>
<li>Der Tag beginnt mit einer Stille-Meditation (im Sitzen oder Gehen) im Sinne der Kontemplation oder der Selbsterforschung <strong>von 7.45  bis ca. 8.45</strong>. Anschliessend ist genügend Zeit für ein leichtes, gesundes Frühstück.</li>
<li>Wir treffen uns wieder <strong>von 10.00- ca. 12.30. </strong>Die Mittagspause  dauert bis 15 Uhr.</li>
<li><strong>Von 15.00 &#8211; 18.00</strong> Uhr kommen wir wieder zusammen.</li>
<li>Der Abend ist frei (Kochen und Verpflegung individuell und selber zu gestalten).</li>
<li><strong>In der Mittagspause und Abends </strong>können Sie für sich sein, mit anderen Teilnehmern vertiefende Übungen machen oder bei Anna vorbeischauen</li>
<li><strong>Die kraft- und ruhespendende Umgebung lädt zum tieferen Sein, Spazieren oder gemütlichen Verweilen ein.</strong></li>
</ul>
<p>&nbsp;</p>
<h3><strong>Unterkunft und Verpflegung:</strong></h3>
<ul>
<li><strong>Vegetarische Pausenverpflegung, Kaffee und Tee </strong>ist im Satsangpreis<strong> inbegriffen. </strong></li>
<li><strong>Die Unterkunft und die Mahlzeiten </strong>sind im Satsangpreis <strong>nicht inbegriffen. </strong>
<ul>
<li>Das <strong>Frühstück </strong>kann gemeinsam eingenommen werden (jeder trägt nach Absprache seinen Teil dazu bei). <strong> </strong></li>
<li><strong>Das Kochen und die Verpflegung ist individuell und selber zu gestalten. Kochgelegenheiten sind vorhanden</strong>.</li>
</ul>
</li>
<li>Empfohlen wird eine Unterkunft <strong>im Haus zur Stille </strong>(Platz 219)<strong> oder im Haus zur Mitte</strong> (Platz 221) oder in B&amp;B&#8217;s in der Nähe der Veranstaltung</li>
<li><strong>Die Appartements und Zimmer am Kraftort &#8222;platz440&#8220; </strong>können Sie einsehen
<ul>
<li>unter <strong><a href="http://www.raumfuersich.ch/traeume-und-visionen/">raumfuersich221</a></strong>  (&#8222;Träume und Visionen&#8220;)</li>
<li>und <strong><a href="http://www.raumfuersich.ch/herzoeffnung-sich-selber-sein/">raumfuersich219</a></strong> ( hier ist das Appartement &#8222;Urvertrauen-Ankommen ev. buchbar)</li>
<li>Die Zimmer in der Dachwohnung können für die Veranstaltung leicht umgestaltet und<strong> auf Wunsch teilweise als kostengünstige Mehrbettzimmer angeboten werden. </strong></li>
<li>Am letzten Tag der Veranstaltung sind vor dem ersten Zusammenkommen die Bettwäsche, die Handtücher und der Abfall zur Sammelstelle im Erdgeschoss zu bringen. Die Zimmer sind nach dem Frühstück geräumt und besenrein zu hinterlassen.</li>
<li>Bereits an dieser Stelle besten Dank für Ihre Mithilfe!</li>
</ul>
</li>
</ul>
<p><strong>Alle Teilnehmer erhalten </strong>auf den normalerweise gültigen<strong> Übernachtungspreisen ca. 20 %</strong> <strong>Rabatt. </strong>Je nach Zimmerkategorien. So werden dann Übernachtungspreise ab ca. Sfr. 35.- ff. im Mehrbettzimmer möglich. Einzelzimmer sind nur beschränkt vorhanden. <strong>Eine definitive Einteilung der Zimmer erfolgt nach Absprache.</strong> Urs Held ist gerne beratend für Sie da. Auch für eine Unterkunft ausserhalb der Kraftquelle &#8222;platz440&#8220;.</p>
<p>&nbsp;</p>
<h4><strong>&#8222;Willst Du den Wandel, dann lebe den Wandel&#8220;  Mahatma Gandhi</strong></h4>
<p><strong>! Anmeldung und Fragen an Urs Held / urs@ursheld.ch / 079 753 53 05 oder unter <a href="https://www.ursheld.ch/ursheld/kontakt-2/">&#8222;Kontakt&#8220;</a></strong></p>
<h4><strong>! Urs Held freut sich auf Sie. </strong>In Einheit, Verbundenheit und Liebe; aus Freude und Weisheit die vom Herzen kommt.</h4>
<hr />
<h3></h3>
