{"id":618,"date":"2015-09-02T16:16:11","date_gmt":"2015-09-02T14:16:11","guid":{"rendered":"http:\/\/www.uhsus.ch\/?post_type=tribe_events&#038;p=618"},"modified":"2017-09-13T15:42:47","modified_gmt":"2017-09-13T13:42:47","slug":"heilertag","status":"publish","type":"tribe_events","link":"https:\/\/www.ursheld.ch\/ursheld\/event\/heilertag\/","title":{"rendered":"Heilendes Bewusstsein &#8211; HeilerInnen Wochenende im Appenzeller Vorderland"},"content":{"rendered":"<p><strong>Heiler und Heilerinnenwochenende<\/strong><\/p>\n<ul>\n<li><strong>Du willst etwas f\u00fcr Dich, Deine Heilung und Deine Berufung als Heiler\u00a0tun?<\/strong><\/li>\n<li><strong>Du arbeitest bereits als Heiler oder Heilerin und m\u00f6chtest Dich weiter entfalten?<\/strong><\/li>\n<li><strong>Du hast das Gef\u00fchl oder die Sehnsucht, Deine Heilkr\u00e4fte f\u00fcr Dich und andere zu \u00f6ffnen sei reif?<\/strong><\/li>\n<\/ul>\n<p>&nbsp;<\/p>\n<p><strong>Inhalte:<\/strong><\/p>\n<p>*\u00a0Erkenne Dich Selbst<\/p>\n<p>* Heilung ist immer Selbstheilung<\/p>\n<p>* Herz\u00f6ffnung, Liebe und Lichtk\u00f6rperprozess<\/p>\n<p>* Entdecke, erwecke und entfalte die Heilkr\u00e4fte in Dir, JETZT!<\/p>\n<p>* R\u00fcckverbindung: Entwickle dein eigenes\u00a0Heilsystem jenseits der Formen<\/p>\n<p><strong>!\u00a0Jeder KursteilnehmerIn erh\u00e4lt w\u00e4hrend des Seminars mind. eine pers\u00f6nliche, tiefer heilende Blockadenl\u00f6sung durch\u00a0Urs Held<\/strong><\/p>\n<p>&nbsp;<\/p>\n<p><strong>&#8222;Du kannst nichts erwerben, das Du nicht bereits bist&#8220;<\/strong><\/p>\n<p>* Der Tag wird so ausgerichtet sein, dass Du keine Technik lernen musst. DEIN innerer Lehrer lehrt Dich alles, was Du wissen musst.<\/p>\n<p>* Du wirst durch\u00a0R\u00dcCK-VERBINDEN an das G\u00f6ttliche Deine Heilkraft erh\u00f6hen k\u00f6nnen.<\/p>\n<p>* Dein R\u00fcck-ERINNERN wird durch Kommunikation mit Deinem Unterbewusstsein m\u00f6glich. Die ESSENZEN DEINER\u00a0SEELE\u00a0werden sicht- und anwendbar gemacht<\/p>\n<p>* Dementsprechende Wieder-ERWECKUNG und ENTFALTUNG DEINES\u00a0Heilerpotentials wirst Du spielerisch und kreativ SELBST ERFAHREN.<\/p>\n<p>* Alte VERSTRICKUNGEN oder EINWEIHUNGEN aus dem System wirst Du systemisch, alleine und in der Gruppe l\u00f6sen k\u00f6nnen.<\/p>\n<p>!\u00a0Das WIEDERERLANGTE\u00a0Wissen kannst Du respektvoll und dankbar\u00a0ANWENDEN. In Zweier- oder Dreiergruppen.<\/p>\n<p>&nbsp;<\/p>\n<p><strong>Uralte Heilmethoden &#8211; angewandt f\u00fcr die neue Zeit!\u00a0<\/strong><\/p>\n<p>Uraltes PriesterInnenheilwissen aus\u00a0Lemurien, Atlantis, altem \u00c4gypten, Avalon, traditionelles Heilwissen aus\u00a0schamanischen,\u00a0indianischen, hawaianischen, keltischen oder anderen Heilerkulturen\u00a0k\u00f6nnen an diesem Tag\u00a0in deinem Bewusstsein freigelegt werden.<\/p>\n<p>Auch kann es sein, dass Du w\u00e4hrend Deiner R\u00fcckverbindung die Christusenergie in Dir wieder wahrnehmen kannst. Vielleicht erreichen Dich auch v\u00f6llig andere Frequenzen, die Dir und anderen Heilung bringen k\u00f6nnen. Lass Dich einfach \u00fcberraschen welche Tore sich f\u00fcr Dich \u00f6ffnen!<\/p>\n<p>&nbsp;<\/p>\n<p><strong style=\"line-height: 1.5;\"><span style=\"line-height: 1.5;\">&#8222;Die grosse Heilung kommt erst mit dem Erwachen &#8230;&#8220;<\/span><\/strong><\/p>\n<p><span style=\"line-height: 1.5;\">Wenn Du Dich der inneren Stille ganz \u00f6ffnest, kannst Du Dich selber als formloses Sein erkennen.\u00a0Dies ist der Ausgangspunkt Deines Lebens. Diese Dimension in Dir ist die Lebensessenz selbst. Wenn Du\u00a0Dich\u00a0selber als leeres, liebendes Bewusstsein erkennst und Du den Fluss dieser Lebensenergie gegen Aussen richtest, kannst Du alleine durch Deine Pr\u00e4senz eine heilende Wirkung auf alle Menschen und materielle Dinge bewirken. <\/span><\/p>\n<p><span style=\"line-height: 1.5;\">In der &#8222;Heilersprache&#8220; kann man diesen Prozess als\u00a0<\/span><span style=\"line-height: 1.5;\">SCHWINGUNGSERH\u00d6HUNG durch SELBSTERKENNTNIS bezeichnen. Nicht nur aus diesem Grund\u00a0wird der WEG DER INNEREN ERFAHRUNG der zum VOLLST\u00c4NDIGEN HEILSEIN\u00a0f\u00fchren kann, auch ein Teil dieses heilsamen Tages sein. \u00a0<\/span><\/p>\n<p>&nbsp;<\/p>\n<p><strong>Dieses \u00a0Wochenende kann f\u00fcr Dich eine Erweiterung oder Dein Tor\u00f6ffner zum Heilen und Heilsein werden. <\/strong><\/p>\n<p><strong>! Anmeldung an Urs Held \/ 079 753 53 05 \/ urs.held@uhsus.ch <\/strong><\/p>\n<p><strong>! Max. TeilnehmerInnen: 8\u00a0Personen<\/strong><\/p>\n<p><strong>Ich\u00a0freue mich auf Dich!<\/strong><\/p>\n","protected":false},"excerpt":{"rendered":"<p>Heiler und Heilerinnenwochenende Du willst etwas f\u00fcr Dich, Deine Heilung und Deine Berufung als Heiler\u00a0tun? Du arbeitest bereits als Heiler oder Heilerin und m\u00f6chtest Dich weiter entfalten? Du hast das [&hellip;]<\/p>\n","protected":false},"author":1,"featured_media":461,"template":"","meta":{"_tribe_events_status":"","_tribe_events_status_reason":"","footnotes":""},"tags":[],"tribe_events_cat":[26],"class_list":["post-618","tribe_events","type-tribe_events","status-publish","has-post-thumbnail","hentry","tribe_events_cat-seminare","cat_seminare"],"_links":{"self":[{"href":"https:\/\/www.ursheld.ch\/ursheld\/wp-json\/wp\/v2\/tribe_events\/618","targetHints":{"allow":["GET"]}}],"collection":[{"href":"https:\/\/www.ursheld.ch\/ursheld\/wp-json\/wp\/v2\/tribe_events"}],"about":[{"href":"https:\/\/www.ursheld.ch\/ursheld\/wp-json\/wp\/v2\/types\/tribe_events"}],"author":[{"embeddable":true,"href":"https:\/\/www.ursheld.ch\/ursheld\/wp-json\/wp\/v2\/users\/1"}],"version-history":[{"count":4,"href":"https:\/\/www.ursheld.ch\/ursheld\/wp-json\/wp\/v2\/tribe_events\/618\/revisions"}],"predecessor-version":[{"id":2600,"href":"https:\/\/www.ursheld.ch\/ursheld\/wp-json\/wp\/v2\/tribe_events\/618\/revisions\/2600"}],"wp:featuredmedia":[{"embeddable":true,"href":"https:\/\/www.ursheld.ch\/ursheld\/wp-json\/wp\/v2\/media\/461"}],"wp:attachment":[{"href":"https:\/\/www.ursheld.ch\/ursheld\/wp-json\/wp\/v2\/media?parent=618"}],"wp:term":[{"taxonomy":"post_tag","embeddable":true,"href":"https:\/\/www.ursheld.ch\/ursheld\/wp-json\/wp\/v2\/tags?post=618"},{"taxonomy":"tribe_events_cat","embeddable":true,"href":"https:\/\/www.ursheld.ch\/ursheld\/wp-json\/wp\/v2\/tribe_events_cat?post=618"}],"curies":[{"name":"wp","href":"https:\/\/api.w.org\/{rel}","templated":true}]}}

<p><strong>Heiler und Heilerinnenwochenende</strong></p>
<ul>
<li><strong>Du willst etwas für Dich, Deine Heilung und Deine Berufung als Heiler tun?</strong></li>
<li><strong>Du arbeitest bereits als Heiler oder Heilerin und möchtest Dich weiter entfalten?</strong></li>
<li><strong>Du hast das Gefühl oder die Sehnsucht, Deine Heilkräfte für Dich und andere zu öffnen sei reif?</strong></li>
</ul>
<p>&nbsp;</p>
<p><strong>Inhalte:</strong></p>
<p>* Erkenne Dich Selbst</p>
<p>* Heilung ist immer Selbstheilung</p>
<p>* Herzöffnung, Liebe und Lichtkörperprozess</p>
<p>* Entdecke, erwecke und entfalte die Heilkräfte in Dir, JETZT!</p>
<p>* Rückverbindung: Entwickle dein eigenes Heilsystem jenseits der Formen</p>
<p><strong>! Jeder KursteilnehmerIn erhält während des Seminars mind. eine persönliche, tiefer heilende Blockadenlösung durch Urs Held</strong></p>
<p>&nbsp;</p>
<p><strong>&#8222;Du kannst nichts erwerben, das Du nicht bereits bist&#8220;</strong></p>
<p>* Der Tag wird so ausgerichtet sein, dass Du keine Technik lernen musst. DEIN innerer Lehrer lehrt Dich alles, was Du wissen musst.</p>
<p>* Du wirst durch RÜCK-VERBINDEN an das Göttliche Deine Heilkraft erhöhen können.</p>
<p>* Dein Rück-ERINNERN wird durch Kommunikation mit Deinem Unterbewusstsein möglich. Die ESSENZEN DEINER SEELE werden sicht- und anwendbar gemacht</p>
<p>* Dementsprechende Wieder-ERWECKUNG und ENTFALTUNG DEINES Heilerpotentials wirst Du spielerisch und kreativ SELBST ERFAHREN.</p>
<p>* Alte VERSTRICKUNGEN oder EINWEIHUNGEN aus dem System wirst Du systemisch, alleine und in der Gruppe lösen können.</p>
<p>! Das WIEDERERLANGTE Wissen kannst Du respektvoll und dankbar ANWENDEN. In Zweier- oder Dreiergruppen.</p>
<p>&nbsp;</p>
<p><strong>Uralte Heilmethoden &#8211; angewandt für die neue Zeit! </strong></p>
<p>Uraltes PriesterInnenheilwissen aus Lemurien, Atlantis, altem Ägypten, Avalon, traditionelles Heilwissen aus schamanischen, indianischen, hawaianischen, keltischen oder anderen Heilerkulturen können an diesem Tag in deinem Bewusstsein freigelegt werden.</p>
<p>Auch kann es sein, dass Du während Deiner Rückverbindung die Christusenergie in Dir wieder wahrnehmen kannst. Vielleicht erreichen Dich auch völlig andere Frequenzen, die Dir und anderen Heilung bringen können. Lass Dich einfach überraschen welche Tore sich für Dich öffnen!</p>
<p>&nbsp;</p>
<p><strong style="line-height: 1.5;"><span style="line-height: 1.5;">&#8222;Die grosse Heilung kommt erst mit dem Erwachen &#8230;&#8220;</span></strong></p>
<p><span style="line-height: 1.5;">Wenn Du Dich der inneren Stille ganz öffnest, kannst Du Dich selber als formloses Sein erkennen. Dies ist der Ausgangspunkt Deines Lebens. Diese Dimension in Dir ist die Lebensessenz selbst. Wenn Du Dich selber als leeres, liebendes Bewusstsein erkennst und Du den Fluss dieser Lebensenergie gegen Aussen richtest, kannst Du alleine durch Deine Präsenz eine heilende Wirkung auf alle Menschen und materielle Dinge bewirken. </span></p>
<p><span style="line-height: 1.5;">In der &#8222;Heilersprache&#8220; kann man diesen Prozess als </span><span style="line-height: 1.5;">SCHWINGUNGSERHÖHUNG durch SELBSTERKENNTNIS bezeichnen. Nicht nur aus diesem Grund wird der WEG DER INNEREN ERFAHRUNG der zum VOLLSTÄNDIGEN HEILSEIN führen kann, auch ein Teil dieses heilsamen Tages sein.  </span></p>
<p>&nbsp;</p>
<p><strong>Dieses  Wochenende kann für Dich eine Erweiterung oder Dein Toröffner zum Heilen und Heilsein werden. </strong></p>
<p><strong>! Anmeldung an Urs Held / 079 753 53 05 / urs.held@uhsus.ch </strong></p>
<p><strong>! Max. TeilnehmerInnen: 8 Personen</strong></p>
<p><strong>Ich freue mich auf Dich!</strong></p>

<p>Heiler und Heilerinnenwochenende Du willst etwas für Dich, Deine Heilung und Deine Berufung als Heiler tun? Du arbeitest bereits als Heiler oder Heilerin und möchtest Dich weiter entfalten? Du hast das [&hellip;]</p>
