{"id":627,"date":"2015-09-02T17:18:24","date_gmt":"2015-09-02T15:18:24","guid":{"rendered":"http:\/\/www.uhsus.ch\/?post_type=tribe_events&#038;p=627"},"modified":"2017-08-15T11:49:06","modified_gmt":"2017-08-15T09:49:06","slug":"retreat-rueckzug-stille","status":"publish","type":"tribe_events","link":"https:\/\/www.ursheld.ch\/ursheld\/event\/retreat-rueckzug-stille\/","title":{"rendered":"Retreat: R\u00fcckzug &#8211; Stille &#8211; Heilung &#8211; Selbsterkenntnis"},"content":{"rendered":"<p><strong>Innehalten\u00a0&#8211; Stille &#8211; Sein \u00a0<\/strong><\/p>\n<p><strong>&#8222;der Weg der inneren Erfahrung &#8211; das Abenteuer der Selbstentdeckung&#8220;<\/strong><\/p>\n<p style=\"text-align: justify;\">Diese Tage zwischen Weihnachten und Neujahr\u00a0sind f\u00fcr alle Menschen geeignet, die eine Reise nach Innen antreten wollen um sich im Urgrund\u00a0des Seins selbst zu erkennen. Die Stille und das Anhalten wird viel Raum bekommen. Diese Tage sind werden von den speziellen Energien der Rauhn\u00e4chte begleitet. Diese Energien unterst\u00fctzen Dich in all Deinen Prozessen. Du kannst in diesen Tagen auch Deine Pers\u00f6nlichkeit weiterentwickeln, belastende Probleme l\u00f6sen und Dich aus blockierenden \u00a0Verstrickungen befreien. Selbst-erkennung, innere Freiheit und Frieden kann die Folge sein.<\/p>\n<p><strong>Wir treffen uns drei mal pro Tag.<\/strong> Geplant von 9.30-11.45, \u00a014.30 &#8211; 16.30 und 19.00-20.30 Uhr oder nach Absprache. <strong>In den Pausen kannst Du f\u00fcr Dich sein, oder bei mir in Einzelsitzungen noch tiefere Heilung und Frieden erfahren.<\/strong><\/p>\n<p><strong>Die Unterkunft<\/strong> und Verpflegung ist nicht im Retreatpreis inbegriffen und muss selber organisiert werden. Gerne kannst Du eine Unterkunft<strong> im Haus zur Stille oder im Haus zur Begegnung bei Urs Held\u00a0buchen. Die einzelnen Appartements oder Zimmer (K\u00fcchen vorhanden) kannst Du einsehen unter <a href=\"http:\/\/www.raumfuersich.ch\/angebot\">www.raumfuersich.ch<\/a>.<\/strong> Gerne nehmen wir f\u00fcr Dich eine entsprechende Reservation vor.<\/p>\n<p>Das Retreat dauert \u00fcber den Jahreswechsel hinaus. Wir feiern deshalb den Jahres\u00fcbergang gemeinsam. Nat\u00fcrlich bist Du frei, an diesem Anlass am Silvester teilzunehmen oder nicht. Am ersten Januar treffen wir uns dann von 11.00 bis 14.00 Uhr.<\/p>\n<p>&nbsp;<\/p>\n<p><strong>Diese Tage k\u00f6nnen f\u00fcr Dich Dein Tor\u00f6ffner zum Erkennen deiner wahren Natur werden.<\/strong><\/p>\n<p><strong>! Anmeldung an Urs Held \/ 079 753 53 05 \/ urs.held@uhsus.ch<\/strong><\/p>\n<p><strong>Ich freue mich auf Dich!<\/strong><\/p>\n<p>&nbsp;<\/p>\n<p><em>\u201eGl\u00fcck ist nichts, was sich an Zahlen messen l\u00e4sst. Dauerhaftes Gl\u00fcck h\u00e4ngt nicht von \u00e4usseren Umst\u00e4nden ab. Gl\u00fcck bedeutet, mit sich in tiefem Einklang zu sein und\u00a0sich wirklich lebendig zu f\u00fchlen.\u00a0Wenn du dich ganz deinem tiefsten Grund zuwendest und alles losl\u00e4sst, was der Wirklichkeit\u00a0des Augenblicks im Wege steht, kannst du erfahren, wer du wirklich bist.\u00a0Dann zeigt sich, dass du selbst das Gl\u00fcck, die Liebe, die Freude und\u00a0Lebendigkeit bist, die du suchst.\u201c \u00a0\u00a0\u00a0(Text nach Christian Meyer, Berlin)<\/em><\/p>\n","protected":false},"excerpt":{"rendered":"<p>Innehalten\u00a0&#8211; Stille &#8211; Sein \u00a0 &#8222;der Weg der inneren Erfahrung &#8211; das Abenteuer der Selbstentdeckung&#8220; Diese Tage zwischen Weihnachten und Neujahr\u00a0sind f\u00fcr alle Menschen geeignet, die eine Reise nach Innen [&hellip;]<\/p>\n","protected":false},"author":1,"featured_media":1109,"template":"","meta":{"_tribe_events_status":"","_tribe_events_status_reason":"","footnotes":""},"tags":[],"tribe_events_cat":[27],"class_list":["post-627","tribe_events","type-tribe_events","status-publish","has-post-thumbnail","hentry","tribe_events_cat-retreat","cat_retreat"],"_links":{"self":[{"href":"https:\/\/www.ursheld.ch\/ursheld\/wp-json\/wp\/v2\/tribe_events\/627","targetHints":{"allow":["GET"]}}],"collection":[{"href":"https:\/\/www.ursheld.ch\/ursheld\/wp-json\/wp\/v2\/tribe_events"}],"about":[{"href":"https:\/\/www.ursheld.ch\/ursheld\/wp-json\/wp\/v2\/types\/tribe_events"}],"author":[{"embeddable":true,"href":"https:\/\/www.ursheld.ch\/ursheld\/wp-json\/wp\/v2\/users\/1"}],"version-history":[{"count":2,"href":"https:\/\/www.ursheld.ch\/ursheld\/wp-json\/wp\/v2\/tribe_events\/627\/revisions"}],"predecessor-version":[{"id":2854,"href":"https:\/\/www.ursheld.ch\/ursheld\/wp-json\/wp\/v2\/tribe_events\/627\/revisions\/2854"}],"wp:featuredmedia":[{"embeddable":true,"href":"https:\/\/www.ursheld.ch\/ursheld\/wp-json\/wp\/v2\/media\/1109"}],"wp:attachment":[{"href":"https:\/\/www.ursheld.ch\/ursheld\/wp-json\/wp\/v2\/media?parent=627"}],"wp:term":[{"taxonomy":"post_tag","embeddable":true,"href":"https:\/\/www.ursheld.ch\/ursheld\/wp-json\/wp\/v2\/tags?post=627"},{"taxonomy":"tribe_events_cat","embeddable":true,"href":"https:\/\/www.ursheld.ch\/ursheld\/wp-json\/wp\/v2\/tribe_events_cat?post=627"}],"curies":[{"name":"wp","href":"https:\/\/api.w.org\/{rel}","templated":true}]}}

Retreat: Rückzug &#8211; Stille &#8211; Heilung &#8211; Selbsterkenntnis

<p><strong>Innehalten &#8211; Stille &#8211; Sein  </strong></p>
<p><strong>&#8222;der Weg der inneren Erfahrung &#8211; das Abenteuer der Selbstentdeckung&#8220;</strong></p>
<p style="text-align: justify;">Diese Tage zwischen Weihnachten und Neujahr sind für alle Menschen geeignet, die eine Reise nach Innen antreten wollen um sich im Urgrund des Seins selbst zu erkennen. Die Stille und das Anhalten wird viel Raum bekommen. Diese Tage sind werden von den speziellen Energien der Rauhnächte begleitet. Diese Energien unterstützen Dich in all Deinen Prozessen. Du kannst in diesen Tagen auch Deine Persönlichkeit weiterentwickeln, belastende Probleme lösen und Dich aus blockierenden  Verstrickungen befreien. Selbst-erkennung, innere Freiheit und Frieden kann die Folge sein.</p>
<p><strong>Wir treffen uns drei mal pro Tag.</strong> Geplant von 9.30-11.45,  14.30 &#8211; 16.30 und 19.00-20.30 Uhr oder nach Absprache. <strong>In den Pausen kannst Du für Dich sein, oder bei mir in Einzelsitzungen noch tiefere Heilung und Frieden erfahren.</strong></p>
<p><strong>Die Unterkunft</strong> und Verpflegung ist nicht im Retreatpreis inbegriffen und muss selber organisiert werden. Gerne kannst Du eine Unterkunft<strong> im Haus zur Stille oder im Haus zur Begegnung bei Urs Held buchen. Die einzelnen Appartements oder Zimmer (Küchen vorhanden) kannst Du einsehen unter <a href="http://www.raumfuersich.ch/angebot">www.raumfuersich.ch</a>.</strong> Gerne nehmen wir für Dich eine entsprechende Reservation vor.</p>
<p>Das Retreat dauert über den Jahreswechsel hinaus. Wir feiern deshalb den Jahresübergang gemeinsam. Natürlich bist Du frei, an diesem Anlass am Silvester teilzunehmen oder nicht. Am ersten Januar treffen wir uns dann von 11.00 bis 14.00 Uhr.</p>
<p>&nbsp;</p>
<p><strong>Diese Tage können für Dich Dein Toröffner zum Erkennen deiner wahren Natur werden.</strong></p>
<p><strong>! Anmeldung an Urs Held / 079 753 53 05 / urs.held@uhsus.ch</strong></p>
<p><strong>Ich freue mich auf Dich!</strong></p>
<p>&nbsp;</p>
<p><em>„Glück ist nichts, was sich an Zahlen messen lässt. Dauerhaftes Glück hängt nicht von äusseren Umständen ab. Glück bedeutet, mit sich in tiefem Einklang zu sein und sich wirklich lebendig zu fühlen. Wenn du dich ganz deinem tiefsten Grund zuwendest und alles loslässt, was der Wirklichkeit des Augenblicks im Wege steht, kannst du erfahren, wer du wirklich bist. Dann zeigt sich, dass du selbst das Glück, die Liebe, die Freude und Lebendigkeit bist, die du suchst.“    (Text nach Christian Meyer, Berlin)</em></p>

<p>Innehalten &#8211; Stille &#8211; Sein   &#8222;der Weg der inneren Erfahrung &#8211; das Abenteuer der Selbstentdeckung&#8220; Diese Tage zwischen Weihnachten und Neujahr sind für alle Menschen geeignet, die eine Reise nach Innen [&hellip;]</p>
