{"id":820,"date":"2016-01-21T08:29:23","date_gmt":"2016-01-21T07:29:23","guid":{"rendered":"http:\/\/www.uhsus.ch\/?post_type=tribe_events&amp;p=820"},"modified":"2016-01-21T08:29:23","modified_gmt":"2016-01-21T07:29:23","slug":"visionen-leben-traeume-verwirklichen","status":"publish","type":"tribe_events","link":"https:\/\/www.ursheld.ch\/ursheld\/event\/visionen-leben-traeume-verwirklichen\/","title":{"rendered":"Visionen finden am &#8222;Kraftort\u00a0Platz 440&#8220;"},"content":{"rendered":"<p><strong>Achtsamkeit leben &#8211; Visionen entwickeln &#8211; Tr\u00e4ume verwirklichen<\/strong><\/p>\n<p>Allein schon die Ruhe und Kraft dieses wunderbaren Ortes schafft Raum f\u00fcr den Kontakt mit deiner inneren Weite und Stille. Wir lassen uns achtsam und bewusst auf den Augenblick ein und begeben uns so auf eine Reise in die Liebe unseres Herzens. <strong>Informationen zum Ort unter www.raumfuersich.ch<\/strong><\/p>\n<p>&nbsp;<\/p>\n<p><strong>Auf den Spuren zu dir selber<\/strong><\/p>\n<p>Meditationen, Trance, Kl\u00e4nge, Trommeln, schamanische Reisen und kraftvolle Rituale bereichern deinen\u00a0Weg der inneren Erfahrung:<\/p>\n<p>* Visionen und Lebenstr\u00e4ume entwickeln sich wie von alleine<\/p>\n<p>* In deinem Unterbewusstsein l\u00f6sen sich blockierende Verhaltensmuster<\/p>\n<p>* Durch eine tiefere Herz\u00f6ffnung entstehen ganzheitliche, kreative L\u00f6sungen aus deinem\u00a0Inneren<\/p>\n<p>* Das aus der Tiefe Erfahrene verkn\u00fcpft sich spielerisch mit Ihrem Verstand. L\u00f6sungen werden so Schritt f\u00fcr Schritt machbar.<\/p>\n<p><strong>! Jeder KursteilnehmerIn erh\u00e4lt w\u00e4hrend des Seminars eine pers\u00f6nliche, tiefer heilende Blockadenl\u00f6sung durch den Kursleiter Urs Held<\/strong><\/p>\n<p>&nbsp;<\/p>\n<p><strong>Methoden:<\/strong><\/p>\n<p>* Weg der inneren Erfahrung &#8211; Schamanische Heilreisen &#8211; Selbsthypnose &#8211; Quantenheilung &#8211; Entspannungstechniken &#8211; K\u00f6rperarbeit &#8211; Energiearbeit &#8211; Systemisches Coaching &#8211; Bewusstseinsentwicklungsprozesse<\/p>\n<p>&nbsp;<\/p>\n<p><strong>Unterkunft im Haus zur Stille oder im Haus zur Mitte direkt vor Ort m\u00f6glich. <\/strong>Die einzelnen Appartements kannst Du einsehen und buchen unter<strong> www.raumfuersich.ch<\/strong><\/p>\n<p>&nbsp;<\/p>\n<p><strong>! Anmeldung an Urs Held \/ 071 888 04 15 \/ 079 753 53 05 \/ urs.held@uhsus.ch<\/strong><\/p>\n<p><strong>Ich freue mich auf Dich!<\/strong><\/p>\n","protected":false},"excerpt":{"rendered":"<p>Achtsamkeit leben &#8211; Visionen entwickeln &#8211; Tr\u00e4ume verwirklichen Allein schon die Ruhe und Kraft dieses wunderbaren Ortes schafft Raum f\u00fcr den Kontakt mit deiner inneren Weite und Stille. Wir lassen [&hellip;]<\/p>\n","protected":false},"author":1,"featured_media":1278,"template":"","meta":{"_tribe_events_status":"","_tribe_events_status_reason":"","footnotes":""},"tags":[],"tribe_events_cat":[26],"class_list":["post-820","tribe_events","type-tribe_events","status-publish","has-post-thumbnail","hentry","tribe_events_cat-seminare","cat_seminare"],"_links":{"self":[{"href":"https:\/\/www.ursheld.ch\/ursheld\/wp-json\/wp\/v2\/tribe_events\/820","targetHints":{"allow":["GET"]}}],"collection":[{"href":"https:\/\/www.ursheld.ch\/ursheld\/wp-json\/wp\/v2\/tribe_events"}],"about":[{"href":"https:\/\/www.ursheld.ch\/ursheld\/wp-json\/wp\/v2\/types\/tribe_events"}],"author":[{"embeddable":true,"href":"https:\/\/www.ursheld.ch\/ursheld\/wp-json\/wp\/v2\/users\/1"}],"version-history":[{"count":1,"href":"https:\/\/www.ursheld.ch\/ursheld\/wp-json\/wp\/v2\/tribe_events\/820\/revisions"}],"predecessor-version":[{"id":1798,"href":"https:\/\/www.ursheld.ch\/ursheld\/wp-json\/wp\/v2\/tribe_events\/820\/revisions\/1798"}],"wp:featuredmedia":[{"embeddable":true,"href":"https:\/\/www.ursheld.ch\/ursheld\/wp-json\/"}],"wp:attachment":[{"href":"https:\/\/www.ursheld.ch\/ursheld\/wp-json\/wp\/v2\/media?parent=820"}],"wp:term":[{"taxonomy":"post_tag","embeddable":true,"href":"https:\/\/www.ursheld.ch\/ursheld\/wp-json\/wp\/v2\/tags?post=820"},{"taxonomy":"tribe_events_cat","embeddable":true,"href":"https:\/\/www.ursheld.ch\/ursheld\/wp-json\/wp\/v2\/tribe_events_cat?post=820"}],"curies":[{"name":"wp","href":"https:\/\/api.w.org\/{rel}","templated":true}]}}

<p><strong>Achtsamkeit leben &#8211; Visionen entwickeln &#8211; Träume verwirklichen</strong></p>
<p>Allein schon die Ruhe und Kraft dieses wunderbaren Ortes schafft Raum für den Kontakt mit deiner inneren Weite und Stille. Wir lassen uns achtsam und bewusst auf den Augenblick ein und begeben uns so auf eine Reise in die Liebe unseres Herzens. <strong>Informationen zum Ort unter www.raumfuersich.ch</strong></p>
<p>&nbsp;</p>
<p><strong>Auf den Spuren zu dir selber</strong></p>
<p>Meditationen, Trance, Klänge, Trommeln, schamanische Reisen und kraftvolle Rituale bereichern deinen Weg der inneren Erfahrung:</p>
<p>* Visionen und Lebensträume entwickeln sich wie von alleine</p>
<p>* In deinem Unterbewusstsein lösen sich blockierende Verhaltensmuster</p>
<p>* Durch eine tiefere Herzöffnung entstehen ganzheitliche, kreative Lösungen aus deinem Inneren</p>
<p>* Das aus der Tiefe Erfahrene verknüpft sich spielerisch mit Ihrem Verstand. Lösungen werden so Schritt für Schritt machbar.</p>
<p><strong>! Jeder KursteilnehmerIn erhält während des Seminars eine persönliche, tiefer heilende Blockadenlösung durch den Kursleiter Urs Held</strong></p>
<p>&nbsp;</p>
<p><strong>Methoden:</strong></p>
<p>* Weg der inneren Erfahrung &#8211; Schamanische Heilreisen &#8211; Selbsthypnose &#8211; Quantenheilung &#8211; Entspannungstechniken &#8211; Körperarbeit &#8211; Energiearbeit &#8211; Systemisches Coaching &#8211; Bewusstseinsentwicklungsprozesse</p>
<p>&nbsp;</p>
<p><strong>Unterkunft im Haus zur Stille oder im Haus zur Mitte direkt vor Ort möglich. </strong>Die einzelnen Appartements kannst Du einsehen und buchen unter<strong> www.raumfuersich.ch</strong></p>
<p>&nbsp;</p>
<p><strong>! Anmeldung an Urs Held / 071 888 04 15 / 079 753 53 05 / urs.held@uhsus.ch</strong></p>
<p><strong>Ich freue mich auf Dich!</strong></p>

<p>Achtsamkeit leben &#8211; Visionen entwickeln &#8211; Träume verwirklichen Allein schon die Ruhe und Kraft dieses wunderbaren Ortes schafft Raum für den Kontakt mit deiner inneren Weite und Stille. Wir lassen [&hellip;]</p>
