{"id":856,"date":"2016-02-09T10:01:10","date_gmt":"2016-02-09T09:01:10","guid":{"rendered":"http:\/\/www.uhsus.ch\/?post_type=tribe_events&amp;p=856"},"modified":"2016-02-09T10:01:10","modified_gmt":"2016-02-09T09:01:10","slug":"winterzauber-innere-freiheit-finden-lebenskraft-spueren-im-frieden-sein","status":"publish","type":"tribe_events","link":"https:\/\/www.ursheld.ch\/ursheld\/event\/winterzauber-innere-freiheit-finden-lebenskraft-spueren-im-frieden-sein\/","title":{"rendered":"Tage in der Stille:   &#8222;Innere Freiheit finden- Lebenskraft sp\u00fcren &#8211; im Frieden sein&#8220;"},"content":{"rendered":"<p><strong>Dieses Wochenende ist f\u00fcr alle Menschen geeignet, die freier und gl\u00fccklicher Leben wollen.\u00a0<\/strong><\/p>\n<p>In diesem Kurzretreat <strong>zum 1. Advent<\/strong> hat jeder TeilnehmerIn die M\u00f6glichkeit, tief in sich einzutauchen und wieder in den Lebensfluss zu kommen. Du kannst hier Dich Belastendes im Unterbewusstsein erkennen und loslassen. <strong>Innere Freiheit, Kraft und Frieden kann die Folge sein.<\/strong><\/p>\n<p>Du kannst diese Tage auch zus\u00e4tzlich nutzen um Dich gezielt mit einem Lebensthema auseinanderzusetzen. Zum Beispiel Gesundheit, Beruf(ung), Finanzen, Partnerschaft, Spiritualit\u00e4t, Karriere etc.<\/p>\n<p>Wir treffen uns am Freitag von 18.30 bis 20.30 Uhr. Am Samstag drei mal und am Sonntag zwei mal f\u00fcr eineinhalb bis zwei Stunden. In den l\u00e4ngeren Pausen kannst Du f\u00fcr Dich sein, oder bei mir in Einzelsitzungen noch tiefere Heilung und Frieden erfahren. <strong>Dieses Wochenende kann f\u00fcr Dich Dein Tor\u00f6ffner zur inneren Freiheit werden. Lebenstr\u00e4ume lassen sich so leichter verwirklichen.<\/strong><\/p>\n<p>&nbsp;<\/p>\n<p><strong>Inspirierende Unterkunft im &#8222;Kraftort Platz 440&#8220;:<\/strong><\/p>\n<p><strong>Vor Ort<\/strong> stehen <strong>Ruhe und Entspannung<\/strong> unterst\u00fctzende <strong>3*** &#8211; Appartements f\u00fcr Selbstversorgung<\/strong> f\u00fcr Dich bereit. Im Haus zur Stille oder im Haus zur Mitte. Verschiedene <strong>lauschige Sitzpl\u00e4tze mit Blick ins Gr\u00fcne<\/strong> rund um die H\u00e4user oder die <strong>wunderbare Aussicht auf der Dachterrasse<\/strong> laden zum verweilen ein. Der <strong>Nahe gelegene Wald<\/strong> spendet nur schon beim Anblick nat\u00fcrliche Kraft.<\/p>\n<p>&nbsp;<\/p>\n<p><strong>!Lass Dich auf der website <a href=\"http:\/\/www.raumfuersich.ch\/angebot\">www.raumfuersich.ch<\/a> inspirieren und buche da direkt die Unterkunft Deiner Tr\u00e4ume.<\/strong><\/p>\n<p><strong>!Alle Raumangebote auch<\/strong> unabh\u00e4ngig von Seminarteilnahme <strong>als Ferienwohnungen buchbar.<\/strong><\/p>\n<p>&nbsp;<\/p>\n<p><strong>!Anmeldung<\/strong> an Urs Held \/ 079 753 53 05 \/ urs.held@uhsus.ch<\/p>\n<p><strong>Ich freue mich auf Dich!<\/strong><\/p>\n","protected":false},"excerpt":{"rendered":"<p>Dieses Wochenende ist f\u00fcr alle Menschen geeignet, die freier und gl\u00fccklicher Leben wollen.\u00a0 In diesem Kurzretreat zum 1. Advent hat jeder TeilnehmerIn die M\u00f6glichkeit, tief in sich einzutauchen und wieder [&hellip;]<\/p>\n","protected":false},"author":1,"featured_media":1109,"template":"","meta":{"_tribe_events_status":"","_tribe_events_status_reason":"","footnotes":""},"tags":[],"tribe_events_cat":[27],"class_list":["post-856","tribe_events","type-tribe_events","status-publish","has-post-thumbnail","hentry","tribe_events_cat-retreat","cat_retreat"],"_links":{"self":[{"href":"https:\/\/www.ursheld.ch\/ursheld\/wp-json\/wp\/v2\/tribe_events\/856","targetHints":{"allow":["GET"]}}],"collection":[{"href":"https:\/\/www.ursheld.ch\/ursheld\/wp-json\/wp\/v2\/tribe_events"}],"about":[{"href":"https:\/\/www.ursheld.ch\/ursheld\/wp-json\/wp\/v2\/types\/tribe_events"}],"author":[{"embeddable":true,"href":"https:\/\/www.ursheld.ch\/ursheld\/wp-json\/wp\/v2\/users\/1"}],"version-history":[{"count":0,"href":"https:\/\/www.ursheld.ch\/ursheld\/wp-json\/wp\/v2\/tribe_events\/856\/revisions"}],"wp:featuredmedia":[{"embeddable":true,"href":"https:\/\/www.ursheld.ch\/ursheld\/wp-json\/wp\/v2\/media\/1109"}],"wp:attachment":[{"href":"https:\/\/www.ursheld.ch\/ursheld\/wp-json\/wp\/v2\/media?parent=856"}],"wp:term":[{"taxonomy":"post_tag","embeddable":true,"href":"https:\/\/www.ursheld.ch\/ursheld\/wp-json\/wp\/v2\/tags?post=856"},{"taxonomy":"tribe_events_cat","embeddable":true,"href":"https:\/\/www.ursheld.ch\/ursheld\/wp-json\/wp\/v2\/tribe_events_cat?post=856"}],"curies":[{"name":"wp","href":"https:\/\/api.w.org\/{rel}","templated":true}]}}

Tage in der Stille:   &#8222;Innere Freiheit finden- Lebenskraft spüren &#8211; im Frieden sein&#8220;

<p><strong>Dieses Wochenende ist für alle Menschen geeignet, die freier und glücklicher Leben wollen. </strong></p>
<p>In diesem Kurzretreat <strong>zum 1. Advent</strong> hat jeder TeilnehmerIn die Möglichkeit, tief in sich einzutauchen und wieder in den Lebensfluss zu kommen. Du kannst hier Dich Belastendes im Unterbewusstsein erkennen und loslassen. <strong>Innere Freiheit, Kraft und Frieden kann die Folge sein.</strong></p>
<p>Du kannst diese Tage auch zusätzlich nutzen um Dich gezielt mit einem Lebensthema auseinanderzusetzen. Zum Beispiel Gesundheit, Beruf(ung), Finanzen, Partnerschaft, Spiritualität, Karriere etc.</p>
<p>Wir treffen uns am Freitag von 18.30 bis 20.30 Uhr. Am Samstag drei mal und am Sonntag zwei mal für eineinhalb bis zwei Stunden. In den längeren Pausen kannst Du für Dich sein, oder bei mir in Einzelsitzungen noch tiefere Heilung und Frieden erfahren. <strong>Dieses Wochenende kann für Dich Dein Toröffner zur inneren Freiheit werden. Lebensträume lassen sich so leichter verwirklichen.</strong></p>
<p>&nbsp;</p>
<p><strong>Inspirierende Unterkunft im &#8222;Kraftort Platz 440&#8220;:</strong></p>
<p><strong>Vor Ort</strong> stehen <strong>Ruhe und Entspannung</strong> unterstützende <strong>3*** &#8211; Appartements für Selbstversorgung</strong> für Dich bereit. Im Haus zur Stille oder im Haus zur Mitte. Verschiedene <strong>lauschige Sitzplätze mit Blick ins Grüne</strong> rund um die Häuser oder die <strong>wunderbare Aussicht auf der Dachterrasse</strong> laden zum verweilen ein. Der <strong>Nahe gelegene Wald</strong> spendet nur schon beim Anblick natürliche Kraft.</p>
<p>&nbsp;</p>
<p><strong>!Lass Dich auf der website <a href="http://www.raumfuersich.ch/angebot">www.raumfuersich.ch</a> inspirieren und buche da direkt die Unterkunft Deiner Träume.</strong></p>
<p><strong>!Alle Raumangebote auch</strong> unabhängig von Seminarteilnahme <strong>als Ferienwohnungen buchbar.</strong></p>
<p>&nbsp;</p>
<p><strong>!Anmeldung</strong> an Urs Held / 079 753 53 05 / urs.held@uhsus.ch</p>
<p><strong>Ich freue mich auf Dich!</strong></p>

<p>Dieses Wochenende ist für alle Menschen geeignet, die freier und glücklicher Leben wollen.  In diesem Kurzretreat zum 1. Advent hat jeder TeilnehmerIn die Möglichkeit, tief in sich einzutauchen und wieder [&hellip;]</p>
